6 = -10*n + m. What is the greatest common divisor of n and 28?
14
Let n = -1986 - -2050. What is the highest common factor of n and 408?
8
Suppose -3*c - p + 29 = 0, -c - p - 11 = -3*c. Suppose -q + 0*q = -5*g + 13, 2*q = 4*g - c. What is the greatest common divisor of g and 9?
3
Let w(k) = -k**3 + 14*k**2 - 35*k - 12. Let i be w(7). What is the greatest common factor of 301 and i?
43
Suppose -3*v + 4*b - 4 = 1, 3*b = -12. Let z = v - -9. Calculate the greatest common factor of 2 and z.
2
Let u be (-4)/1 + (0 - -9). Let z be (-4)/5*(-1 + -24). Suppose 0 = 5*j - u - z. Calculate the highest common factor of 40 and j.
5
Let y be (240/36)/((-2)/(-57)) + -3. What is the highest common factor of y and 51?
17
Let d = 26 - 6. Suppose d = x - 0*x. Suppose 3*h + j - 12 = h, h + 5*j = 15. What is the highest common divisor of x and h?
5
Suppose 61*j = 63*j - 396. What is the highest common factor of 110 and j?
22
Let t be ((-2)/8 - (-165)/(-300))*-20. Calculate the greatest common divisor of 80 and t.
16
Let u = 9 - 2. Let l = 9 - u. Let n be 15/l - (-2)/4. Calculate the greatest common factor of n and 24.
8
Let p be 1/5*(33 - -82). Calculate the highest common factor of p and 23.
23
Suppose -3*k = 12, 4*z + 3*k + 12 = 2*z. Suppose -4*t + 4 = 0, z = -p + 2*t - t - 3. Let f = p + 18. Calculate the highest common divisor of f and 16.
16
Let u = 280 + -258. What is the greatest common divisor of 77 and u?
11
Let b(c) = -c**2 + 10. Let v be b(3). Let s be (35 + 1)*v/3. Calculate the greatest common factor of s and 84.
12
Let h = 470 - 176. Calculate the greatest common factor of 196 and h.
98
Let h(s) = -s**3 + 4*s**2 + s - 3. Let m be h(4). Suppose 637*t - 77 = 630*t. What is the highest common divisor of t and m?
1
Suppose 65 - 351 = -11*u. What is the greatest common divisor of u and 104?
26
Suppose -4*w + 5 - 1 = 0, -22 = -3*f + 5*w. Suppose 3*m + 4 - 13 = 0. Let s be (27/12)/(m/6)*22. What is the greatest common divisor of s and f?
9
Let q = 88 - 85. Let l be (-1 - (-5)/q)*(-234)/(-12). Calculate the highest common divisor of 13 and l.
13
Suppose 5*k = k + 88. Let r(f) = -f**3 + 4*f**2 + 2. Let q be r(-4). Let l = q + -75. What is the highest common divisor of k and l?
11
Let c(s) = -2*s**3 + 6*s**2 + 8*s + 6. Let w be c(-3). Calculate the highest common divisor of 40 and w.
10
Let y(c) = -c**3 + 45*c**2 + 151*c - 63. Let n be y(48). Calculate the greatest common factor of n and 21.
21
Let x = 263 + -235. Calculate the greatest common divisor of 63 and x.
7
Let h be 48/(-40) + 230/25. What is the highest common divisor of h and 856?
8
Let j = -27 - -207. Calculate the highest common divisor of 20 and j.
20
Suppose -95 = -5*z + 435. Suppose 3*s - z = 41. Let d be (-590)/(-90) - 24/(-54). Calculate the highest common divisor of s and d.
7
Let g = -1226 + 1946. Calculate the greatest common divisor of g and 72.
72
Let i be (-1166)/((-9)/(-9) - 3). What is the greatest common factor of 11 and i?
11
Let d be 1*3/(-6)*-18. Suppose 15 = 5*u, -q = q - 3*u - d. Let i = 84 + -48. Calculate the highest common factor of i and q.
9
Let d(i) = -3*i. Let j = -14 + 13. Let x be d(j). Suppose 4*z + 12 = n + z, 2*z = -n - 3. Calculate the highest common factor of x and n.
3
Suppose -4*m = -5*x - 53 - 86, -3*x - 69 = -2*m. Let s = -50 + m. Let o = 32 + s. Calculate the highest common factor of o and 27.
9
Let o(c) = 8*c**2 - 130*c + 4. Let x be o(17). Calculate the highest common divisor of x and 371.
53
Let x(l) = -l**2 + 4*l. Let h be x(3). Suppose 2*z = 2*w - h + 13, 5*z = w + 17. Suppose 0 = z*q - 25 - 5. What is the greatest common factor of 4 and q?
2
Let d(n) = -n**2 - 10*n - 13. Suppose 2*b - 22 = 4*j, 6*b - 5*b = -4*j - 13. Let f be d(j). What is the highest common factor of 77 and f?
11
Let i = 453 - 443. What is the greatest common factor of i and 270?
10
Let s = -7 + 9. What is the highest common factor of 64 and s?
2
Suppose 86 + 64 = 2*b + 3*j, 5*j - 89 = -b. What is the highest common factor of b and 253?
23
Let w be (3 - 78/(-4))*(-328)/(-738). Suppose -3*j - 2*j = v - 154, 5*j - 4*v = 134. What is the greatest common divisor of j and w?
10
Suppose 0 = 4*c - 2*v - 274, -v = -4*c - 2*v + 271. What is the greatest common divisor of c and 17?
17
Suppose -3*g + 40 = g. Suppose -2*b + g = 6. Let t be (0 + 20)/(b/1). Calculate the highest common divisor of 25 and t.
5
Suppose 4*s - 240 = -16. Let a = -14 + 8. Let g be (8/a)/(2/(-12)). What is the greatest common factor of s and g?
8
Let n(p) = 3*p**3 + 8*p - 14. Let r be n(4). Calculate the highest common factor of 60 and r.
30
Suppose -86 - 114 = -5*z. Calculate the highest common factor of 520 and z.
40
Suppose 4*s + 21 + 3 = 0. Let w(t) = -t**3 - 4*t**2 - 3*t - 14. Let m be w(s). Let z = 120 - m. What is the greatest common factor of 110 and z?
22
Let f be ((3 - 2) + -14)*(-1 - 1). What is the greatest common factor of 91 and f?
13
Let t = 26 - 20. Let y be (-6)/(t/2)*-5. Let i be 0 + 0 - -16 - 1. Calculate the highest common divisor of i and y.
5
Let i(a) = -4*a + 78. Let j be i(13). Calculate the highest common factor of j and 26.
26
Let y be (9 + -2)/(-2 + 3). Suppose 0 = 5*h - i - 12, -2*i + 10 + 2 = 2*h. Let d be (56/(-12))/((-2)/h). Calculate the highest common factor of y and d.
7
Let s be (3 + 1)*3/6. Suppose 3*f + w + 110 - 837 = 0, 0 = -3*f + 4*w + 722. Suppose s*r + 0*r = f. Calculate the highest common factor of 11 and r.
11
Let r(n) = n**2 - 37*n + 40. Let z be r(36). Calculate the highest common factor of z and 2.
2
Let q(a) = a**2 - 67*a + 700. Let n be q(57). Calculate the highest common factor of 182 and n.
26
Suppose 0*f + 3*v = f - 92, -292 = -3*f + 5*v. What is the greatest common factor of 26 and f?
26
Let i = 13 - 22. Let g = i - -21. Let q(p) = -5*p - 113. Let y be q(-25). Calculate the greatest common factor of g and y.
12
Let x be ((-12)/20)/(14808/(-2115) - -7). What is the greatest common factor of x and 9?
9
Let p be ((-16)/(-20))/(4/1110). What is the greatest common factor of 12 and p?
6
Let d = -75 - -105. Suppose -k - 26 = -37. Suppose -2*o + 17 = k. Calculate the highest common factor of d and o.
3
Let x(t) = -16*t + 922. Let q be x(23). Calculate the greatest common divisor of 2 and q.
2
Suppose 72 - 14 = o. Let g = o + -37. Let v = g + 47. What is the highest common divisor of 17 and v?
17
Suppose 127*o = 139*o - 3984. Calculate the highest common factor of 4 and o.
4
Suppose 41*w = 945 - 289. Suppose 14 = 5*n + 3*d, -d + 6 = 3*n - 0*n. What is the greatest common divisor of n and w?
1
Suppose 225*w = 210*w + 1200. Calculate the highest common divisor of w and 190.
10
Let o = 54 - -27. Let t = 136 - o. Calculate the highest common factor of 5 and t.
5
Let w be 9*(-1 - (-5)/3). Let r = 69 - 46. Suppose -2*t = 5*b - 56, -4*b - 5*t + r = -15. Calculate the greatest common factor of w and b.
6
Let o(l) = l**3 - 25*l**2 + 28*l - 82. Let f be o(24). What is the greatest common divisor of 896 and f?
14
Let c = 355 + -350. Calculate the greatest common factor of 145 and c.
5
Suppose 4*y = -t, 5*t = 3*y - y. Suppose t = -5*r + r + 968. What is the greatest common factor of 22 and r?
22
Let u(v) = v**2 - 11*v - 9. Let l be u(12). Suppose 0 = 2*c + 3*a + 2*a + 4, -10 = 5*a. Calculate the highest common divisor of c and l.
3
Suppose -3*u + 2*u = 0. Let a be (-7 - u)*(-4)/14. Suppose a*x - x = 72. What is the highest common divisor of x and 9?
9
Let y(g) = -g**2 - 2*g. Let b be y(-2). Suppose b = -4*i + 13 + 19. Suppose -2*p = -4*d + 39 + 7, 0 = 3*p - 3. What is the highest common divisor of d and i?
4
Let d = -17 - -28. Let y(w) be the first derivative of w**3/3 - 4*w**2 - 11*w + 1. Let c be y(d). Calculate the highest common factor of 132 and c.
22
Let v = 151 - 142. Calculate the highest common factor of 9 and v.
9
Let t(o) = -4*o - 3*o + 6*o - 6 + 18*o**2 + 7. Let k be t(-1). What is the highest common divisor of k and 220?
20
Suppose -52*m + 40*m + 216 = 0. Calculate the highest common factor of 36 and m.
18
Let v = 19 - 19. Suppose v*d = 2*d - 10. Suppose u + 5 + 87 = 5*o, -d*o + 84 = 3*u. What is the greatest common factor of o and 36?
18
Let a be 132*(-6)/(-24)*4. What is the highest common factor of a and 33?
33
Let t = -231 - -297. What is the highest common factor of t 